d?
True
Suppose -26 - 2 = -4*d. Let c = d - 11. Does 5 divide (c/16 - -2)*4?
False
Let b(x) be the third derivative of -x**6/60 - 7*x**5/60 - 5*x**4/24 - x**3/6 - 3*x**2. Does 33 divide b(-5)?
True
Let a(d) = 8*d**2 - 41*d - 7. Is 25 a factor of a(11)?
False
Let x = -759 + 1837. Is 49 a factor of x?
True
Let t = 998 + -578. Does 5 divide t?
True
Let p(b) = -2*b. Let i(j) = -9*j + 39. Let l(v) = 2*i(v) - 6*p(v). Is l(-16) a multiple of 17?
False
Let v = 4 - -7. Let y(g) = -8*g - 4 + 8 + v*g. Is y(5) a multiple of 19?
True
Let a(q) = 51*q + 222. Is a(10) a multiple of 6?
True
Let l(z) = 39*z**2 - 51*z - 201. Does 21 divide l(-5)?
True
Suppose -632 = -5*x + 1588. Is 16 a factor of x?
False
Suppose -49975 = 63*k - 122299. Is 14 a factor of k?
True
Does 34 divide (-6)/4 + 95925/30?
True
Suppose 0 = 3*m - 65 - 88. Suppose -3*l + 4*l = m. Does 18 divide l?
False
Let u = 11 + 1. Suppose 3*q + 9 = 3*r, 4*r - 3*q + q - u = 0. Suppose 3*v - 4*y - 29 = -3*y, -r*v - 3*y = -21. Does 3 divide v?
True
Let d be 8/(-6)*(-30)/(-20) - -2. Does 17 divide 411/4 + (12/(-16) - d)?
True
Suppose 4*v + 37 - 133 = 0. Is 12 a factor of v?
True
Suppose -3*k - 55 = 5*u, -2*u + 3*k = u + 9. Is 4 a factor of (102/(-12))/(4/u)?
False
Let g(k) = -4 + k**2 - 161*k + 158*k + 0*k**2. Let a = -12 + 9. Does 14 divide g(a)?
True
Let r(w) = w + 4. Let a be r(0). Suppose a*j + 0*j = -96. Let m = j - -74. Is m a multiple of 8?
False
Suppose 3*u - o - 16 = 0, 5*u - 30 = 5*o - 0*o. Let y(p) = -4*p**2 + 2*p - 1. Let n be y(1). Is (-1068)/(-20) - n/u a multiple of 17?
False
Let c(l) = -l**2 - 26*l - 1. Let p(s) = 3*s + 22. Let k be p(-12). Is c(k) a multiple of 15?
False
Suppose 6*t = 2 - 2. Suppose l + 5*h + t = 228, 4*h = -5*l + 1161. Is l a multiple of 17?
False
Suppose 5*b = 2*b + 204. Suppose -23*o - o - 6*o = 0. Suppose 5*f - 157 - b = o. Is 13 a factor of f?
False
Suppose 3*f = -3*b + 438, 105*f - 100*f - 4*b = 757. Does 149 divide f?
True
Let a be (-30)/4*32/(-48). Suppose -a*w = -10*w - 245. Let f = -1 - w. Is 16 a factor of f?
True
Let c be (246/4)/1*56/(-21). Let o = 306 + c. Is 15 a factor of o?
False
Suppose -194*a = -182*a - 540. Does 5 divide a?
True
Let i be -2 + -3 + (-245 - 2). Let m = -175 - i. Let q = m - 30. Does 20 divide q?
False
Let r = 80 - 72. Suppose -275 = -r*g + 61. Does 5 divide g?
False
Let i(w) be the third derivative of -w**5/60 - 7*w**4/24 - w**3/2 - 11*w**2. Let b be i(-6). Suppose -3*a = 15, -2*j = b*a - 224 + 77. Is j a multiple of 34?
False
Suppose 1 = 3*q - 2. Let r(b) = 0 + 31*b**3 - 3 - 6*b**3 + 2. Is 6 a factor of r(q)?
True
Suppose 1338 + 2388 = 6*l. Is 128 a factor of l?
False
Let v be 29/5 + (-1)/(-30)*6. Does 15 divide 1 - 10/15 - (-1168)/v?
True
Is 18 a factor of (-2 + 3)*(42 + 6/(-3))?
False
Suppose s - 1287 = -2*b, -9*b + 2583 = 2*s - 8*b. Does 10 divide s?
False
Let a = 60 - -77. Let k = -75 + a. Is k a multiple of 14?
False
Let i(c) = c**2 + c - 4. Let t be i(-3). Suppose -2*u - 70 = -o + 4, 0 = u - t*o + 43. Is 13 a factor of ((-462)/u)/(6/20)?
False
Suppose t + 14 = 2*l, 3*t - 14 = -4*l + 2*l. Suppose 0 = -l*g + 437 + 340. Let b = g - 79. Is 12 a factor of b?
False
Let y(s) = s**3 - 4*s**2 + 19*s + 2. Does 36 divide y(10)?
True
Let b be (25/2)/((-22)/(-396)). Suppose 63 + b = 8*d. Is 8 a factor of d?
False
Let q(m) = -m**3 - 7*m**2 - 5*m + 6. Let n be q(-6). Suppose -f + 46 = -x, n = -4*x - 0*x + 8. Is 8 a factor of f?
True
Let a be (367 - 0) + (-6)/3. Suppose 292 = 4*b + y, 5*b - 6*y - a = -y. Is 9 a factor of b?
False
Let q be -2 - 34/(4 - 5). Suppose q*a - 74 = 30*a. Is 11 a factor of a?
False
Let x(t) be the first derivative of 5*t**3/3 - 3*t**2 - 28*t + 3. Is 15 a factor of x(7)?
False
Let n = 3599 + -2049. Is n a multiple of 25?
True
Let b = 10 - 11. Is 6 a factor of (-2 - -1)/b - -29?
True
Let w(z) = -z**2 + 21*z - 9. Let i(l) = -3*l - 2*l + 0*l + 2*l + 3. Let b be i(-4). Does 27 divide w(b)?
True
Let w be (546/56)/(6/16). Suppose 4*r - 23 = -5*l + 5, -4*l - 14 = -2*r. Let v = r + w. Is v a multiple of 11?
True
Suppose 5*r = 4*a + 9*r + 96, -3*a - 64 = r. Let x = a + 229. Is x a multiple of 25?
False
Suppose m + 72*i - 73*i - 243 = 0, 3*m - 725 = 4*i. Is 13 a factor of m?
True
Let x be (5 + (-1 - 0))*-1. Let r be x/7 - 2650/(-7). Is r/22 - (-2)/(-11) a multiple of 17?
True
Does 18 divide 3052 - (-3)/3*1?
False
Suppose 0 = -8*d + 64 + 40. Let z(q) = q**3 - 12*q**2 + 12*q + 5. Is z(d) a multiple of 44?
False
Let z be (40/(-12) - 4)*3. Let m = z + 30. Is 3 a factor of m?
False
Let q(x) = 5*x**3 + 5*x**2 + 2*x - 22. Is 50 a factor of q(5)?
False
Let g(b) = 4*b. Let w be g(5). Let f be (((-16)/(-12))/4)/(4/(-36)). Let x = f + w. Does 17 divide x?
True
Let w(d) = -10*d + 30. Let r be -1*((-9)/(-6))/(18/84). Is w(r) a multiple of 22?
False
Let a(l) be the first derivative of -l - 3*l + 2*l - 18*l**2 - 10 - 13*l**2. Does 11 divide a(-1)?
False
Suppose -3*o + 2049 = -3*h, -5*h = -o - 3 + 694. Is 3 a factor of o?
True
Suppose -o = 2*d - 29, -99 = -0*o - 3*o - 3*d. Suppose 3*g = 5*p - o, -6 = -4*g - 2. Is 5 a factor of 246/24 + (-2)/p?
True
Let m be 92/6*2*(-3)/(-4). Suppose -2*s + 91 = 5*n - m, 0 = -3*s - 4*n + 178. Does 15 divide s?
False
Suppose -3*x + 7*z + 141 = 3*z, 4*z - 12 = 0. Is 51 a factor of x?
True
Suppose -8*o - 4428 = -20*o. Does 20 divide o?
False
Let r = 366 + -16. Is r a multiple of 5?
True
Suppose 0 = -b + 4*b - 168. Suppose 7*j - 63 = b. Is 3 a factor of j?
False
Let b be (5 - 1)*(-5)/(-4). Suppose 5*p - b = 0, 2*s - 2*p - 3 = -3*s. Let w(q) = 87*q - 1. Is w(s) a multiple of 12?
False
Suppose 14 = -3*a - 4*l, 9*a - 4*a = -5*l - 20. Does 13 divide 1 + a + (51 - (-3 - -1))?
True
Suppose 0 = -4*a - 0*a + 112. Let f = a + -8. Is f a multiple of 5?
True
Let r(w) = 5*w**3 - 8*w**2 - 6*w + 12. Does 22 divide r(6)?
False
Let h(j) = 22*j - 7. Suppose -10 = -2*g + 2*x, x - 3*x - 15 = -3*g. Is h(g) a multiple of 14?
False
Let u(n) = -3*n**3 - 5*n**2 - n + 4. Let o be u(-4). Let m(z) = -z**2 + 5*z + 7. Let q be m(5). Suppose 2*b - q*b = -o. Is b a multiple of 12?
True
Let c(p) = p**2 + 20*p - 14. Let n be c(-22). Suppose -6*z = -42 - n. Is 3 a factor of z?
True
Let w be (-1349)/5 + 2/(-10). Does 27 divide (6/5)/((-12)/w)?
True
Suppose -4*j + 14 = -6, 2 = -b + j. Suppose b*l + 31 = 88. Is l a multiple of 5?
False
Let b = -25 - -44. Suppose -14*i - 25 = -b*i. Suppose 40 = i*h - 35. Does 15 divide h?
True
Is ((-2070)/(-483))/(6/1064) a multiple of 10?
True
Suppose -u + 1373 = 2*o - 0*u, 3*o - 2064 = -3*u. Is 28 a factor of o?
False
Suppose 2*w + 0*w - 4 = 0. Let d = 4 - w. Suppose 0 = -i - 0*z - d*z + 53, -4*z = -3*i + 169. Is 19 a factor of i?
False
Let b = -27 - -34. Suppose 3*o + 576 = b*o. Let w = 202 - o. Is w a multiple of 15?
False
Let f(b) = 0*b - 6*b**2 - 2*b**3 - 2 + 7*b**2 + 3 + b. Let z be f(-1). Suppose g + 52 = z*n, 2*g + 22 = n + 4*g. Is 6 a factor of n?
True
Suppose 3*i - 25 = -2*i. Suppose -j + 3*t + 19 = -0, -i*j = 2*t - 78. Suppose -3 = -f - 4*r, 7*f - 4*f + 5*r = j. Does 5 divide f?
False
Let f = 727 - 359. Is f a multiple of 23?
True
Suppose -2*x - 66 = -4*k + x, 0 = 5*k - 3*x - 84. Let n = k + -18. Suppose n = -7*t + 2*t + 310. Is t a multiple of 9?
False
Suppose 5*w - 316 = 1919. Is 39 a factor of 6/36*w + (-2)/(-4)?
False
Suppose 2*z - 243 = 5*z. Let y be -8 + (8 - 8) + -106. Let g = z - y. Is 11 a factor of g?
True
Let d(x) = 78*x + 12. Let n be d(4). Suppose -10*o + n = -6*o. Is 11 a factor of o?
False
Let d(v) = -2*v**3 - 2*v**2 + 2*v + 1. Let n be d(-2). Suppose c - 3 + 0 = 0, -144 = -n*q + 2*c. Suppose -t + q = 2*t. Is 5 a factor of t?
True
Suppose 6*r - r = -5*t + 225, 159 = 4*r - 3*t. Suppose -z + 4 = -r. Is z a multiple of 19?
False
Let o(h) = 2*h**2 - 17*h + 11. Let q be o(8). Suppose -3*r + 47 = 2*i - 36, q*i + 4*r = 124. Does 13 divide i?
False
Suppose 0*h + 3*m + 3504 = 5*h, 0 = h - 5*m - 692. Is h a multiple of 78?
True
Is (290/(-2))/(-18 - -17) a multiple of 6?
False
Let o(t) = 19 + t**3 + 29*t - 29*t**2 + 52 - 20 + 13. Is o(28) a multiple of 22?
False
Let x = 308 - -498. Suppose 6*h - x = 592. Is 22 a factor of h?
False
Suppose 4*w + 5*q - 47 = 0, -2*w - 5*q = -21 - 10. Let k(a) = -a**2 + 7*a + 10. Let d be k(w). Is (d + -8)/(2/(-16)) a multiple of 16?
True
Let f = -47 + 67. Let p(a) = a**3 - 2